{"id":176,"date":"2014-11-14T18:38:54","date_gmt":"2014-11-14T16:38:54","guid":{"rendered":"http:\/\/www.wellnessfysio.fi\/?page_id=176"},"modified":"2026-04-06T22:35:58","modified_gmt":"2026-04-06T19:35:58","slug":"samarbetspartners","status":"publish","type":"page","link":"https:\/\/www.wellnessfysio.fi\/samarbetspartners\/","title":{"rendered":"Samarbetspartners"},"content":{"rendered":"\t\t<div data-elementor-type=\"wp-page\" data-elementor-id=\"176\" class=\"elementor elementor-176\">\n\t\t\t\t<div class=\"elementor-element elementor-element-e57d6b4 e-flex e-con-boxed e-con e-parent\" data-id=\"e57d6b4\" data-element_type=\"container\" data-e-type=\"container\">\n\t\t\t\t\t<div class=\"e-con-inner\">\n\t\t\t\t<div class=\"elementor-element elementor-element-f734060 elementor-widget elementor-widget-text-editor\" data-id=\"f734060\" data-element_type=\"widget\" data-e-type=\"widget\" data-widget_type=\"text-editor.default\">\n\t\t\t\t\t\t\t\t\t<p>Wellness Fysio samarbetar med N\u00e4rpes vuxeninstitut och erbjuder inspirerande och m\u00e5ngsidiga gymnastikgrupper f\u00f6r olika niv\u00e5er. Ta chansen att r\u00f6ra p\u00e5 dig, st\u00e4rka kroppen och m\u00e5 b\u00e4ttre i en trygg och motiverande milj\u00f6!<\/p><p>\ud83d\udc49 L\u00e4s mer om grupper, tider och anm\u00e4lan p\u00e5 N\u00e4rpes vuxeninstituts hemsida:<br \/><a href=\"https:\/\/www.narpes.fi\/vuxeninstitutet\">https:\/\/www.narpes.fi\/vuxeninstitutet<\/a><\/p>\t\t\t\t\t\t\t\t<\/div>\n\t\t\t\t\t<\/div>\n\t\t\t\t<\/div>\n\t\t<div class=\"elementor-element elementor-element-b40ebd6 e-flex e-con-boxed e-con e-parent\" data-id=\"b40ebd6\" data-element_type=\"container\" data-e-type=\"container\">\n\t\t\t\t\t<div class=\"e-con-inner\">\n\t\t\t\t<div class=\"elementor-element elementor-element-b7b9899 elementor-widget elementor-widget-text-editor\" data-id=\"b7b9899\" data-element_type=\"widget\" data-e-type=\"widget\" data-widget_type=\"text-editor.default\">\n\t\t\t\t\t\t\t\t\t<p>Wellness Fysio \u00e4r serviceproducent f\u00f6r \u00d6sterbottens v\u00e4lf\u00e4rdsomr\u00e5de och tar emot servicesedlar f\u00f6r b\u00e5de fysioterapi och lymfaterapi.<\/p><p>\ud83d\udc49 Mer information: <a href=\"https:\/\/osterbottensvalfard.fi\/\">\u00d6sterbottens v\u00e4lf\u00e4rdsomr\u00e5de<\/a><\/p>\t\t\t\t\t\t\t\t<\/div>\n\t\t\t\t\t<\/div>\n\t\t\t\t<\/div>\n\t\t<div class=\"elementor-element elementor-element-dcfc6b0 e-flex e-con-boxed e-con e-parent\" data-id=\"dcfc6b0\" data-element_type=\"container\" data-e-type=\"container\">\n\t\t\t\t\t<div class=\"e-con-inner\">\n\t\t\t\t<div class=\"elementor-element elementor-element-5eb3040 elementor-widget elementor-widget-text-editor\" data-id=\"5eb3040\" data-element_type=\"widget\" data-e-type=\"widget\" data-widget_type=\"text-editor.default\">\n\t\t\t\t\t\t\t\t\t<p>Vi har avtal med FPA f\u00f6r kr\u00e4vande medicinsk rehabilitering. V\u00e5ra lokaler erbjuder handikapparkering n\u00e4ra entr\u00e9n, hiss till alla v\u00e5ningsplan, tillg\u00e4nglighetsanpassade toaletter och ett bekv\u00e4mt v\u00e4ntrum<\/p>\t\t\t\t\t\t\t\t<\/div>\n\t\t\t\t\t<\/div>\n\t\t\t\t<\/div>\n\t\t\t\t<\/div>\n\t\t","protected":false},"excerpt":{"rendered":"<p>Wellness Fysio samarbetar med N\u00e4rpes vuxeninstitut och erbjuder inspirerande och m\u00e5ngsidiga gymnastikgrupper f\u00f6r olika niv\u00e5er. Ta chansen att r\u00f6ra p\u00e5 dig, st\u00e4rka kroppen och m\u00e5 b\u00e4ttre i en trygg och motiverande milj\u00f6! \ud83d\udc49 L\u00e4s mer om grupper, tider och anm\u00e4lan &hellip; <a href=\"https:\/\/www.wellnessfysio.fi\/samarbetspartners\/\">Continue reading <span class=\"meta-nav\">&rarr;<\/span><\/a><\/p>\n","protected":false},"author":1,"featured_media":0,"parent":0,"menu_order":0,"comment_status":"closed","ping_status":"open","template":"","meta":{"_crdt_document":"","_themeisle_gutenberg_block_has_review":false,"footnotes":""},"class_list":["post-176","page","type-page","status-publish","hentry"],"_links":{"self":[{"href":"https:\/\/www.wellnessfysio.fi\/wp-json\/wp\/v2\/pages\/176","targetHints":{"allow":["GET"]}}],"collection":[{"href":"https:\/\/www.wellnessfysio.fi\/wp-json\/wp\/v2\/pages"}],"about":[{"href":"https:\/\/www.wellnessfysio.fi\/wp-json\/wp\/v2\/types\/page"}],"author":[{"embeddable":true,"href":"https:\/\/www.wellnessfysio.fi\/wp-json\/wp\/v2\/users\/1"}],"replies":[{"embeddable":true,"href":"https:\/\/www.wellnessfysio.fi\/wp-json\/wp\/v2\/comments?post=176"}],"version-history":[{"count":11,"href":"https:\/\/www.wellnessfysio.fi\/wp-json\/wp\/v2\/pages\/176\/revisions"}],"predecessor-version":[{"id":818,"href":"https:\/\/www.wellnessfysio.fi\/wp-json\/wp\/v2\/pages\/176\/revisions\/818"}],"wp:attachment":[{"href":"https:\/\/www.wellnessfysio.fi\/wp-json\/wp\/v2\/media?parent=176"}],"curies":[{"name":"wp","href":"https:\/\/api.w.org\/{rel}","templated":true}]}}